ime factors of 2349106.
2, 71, 233
What are the prime factors of 570194?
2, 137, 2081
What are the prime factors of 1124665?
5, 43, 5231
List the prime factors of 2856262.
2, 97, 14723
List the prime factors of 2727251.
607, 4493
What are the prime factors of 17391189?
3, 5797063
What are the prime factors of 1407913?
13, 108301
What are the prime factors of 134267?
7, 19181
List the prime factors of 71631.
3, 7, 379
List the prime factors of 6164247.
3, 2054749
List the prime factors of 2469187.
7, 352741
What are the prime factors of 274692?
2, 3, 11, 2081
List the prime factors of 2441331.
3, 487, 557
List the prime factors of 122999.
47, 2617
List the prime factors of 503041.
7, 11, 47, 139
List the prime factors of 721641.
3, 41, 5867
What are the prime factors of 1288375?
5, 11, 937
List the prime factors of 2082441.
3, 151, 4597
List the prime factors of 7166557.
1489, 4813
List the prime factors of 2542222.
2, 1271111
What are the prime factors of 5682822?
2, 3, 947137
What are the prime factors of 239838?
2, 3, 71, 563
List the prime factors of 9747691.
467, 20873
What are the prime factors of 5165110?
2, 5, 17, 23, 1321
List the prime factors of 3370026.
2, 3, 11, 51061
What are the prime factors of 42531?
3, 14177
What are the prime factors of 10126462?
2, 101, 50131
What are the prime factors of 172976?
2, 19, 569
List the prime factors of 2254441.
7, 139, 331
What are the prime factors of 964133?
964133
List the prime factors of 1210128.
2, 3, 17, 1483
What are the prime factors of 109939?
17, 29, 223
List the prime factors of 1536966.
2, 3, 103, 829
List the prime factors of 4650826.
2, 17, 37, 3697
List the prime factors of 1309676.
2, 327419
What are the prime factors of 6124?
2, 1531
What are the prime factors of 7511220?
2, 3, 5, 41729
What are the prime factors of 5087445?
3, 5, 11, 2803
What are the prime factors of 721590?
2, 3, 5, 67, 359
List the prime factors of 88951.
88951
What are the prime factors of 25167304?
2, 3145913
What are the prime factors of 22942667?
11, 2085697
What are the prime factors of 2012003?
7, 83, 3463
List the prime factors of 1258234.
2, 59, 10663
What are the prime factors of 222919?
222919
What are the prime factors of 1885443?
3, 7, 89783
What are the prime factors of 40586450?
2, 5, 811729
What are the prime factors of 702755?
5, 140551
List the prime factors of 385372.
2, 13, 7411
List the prime factors of 4861548.
2, 3, 135043
What are the prime factors of 20995945?
5, 4199189
What are the prime factors of 1153374?
2, 3, 192229
List the prime factors of 360238.
2, 29, 6211
List the prime factors of 14764545.
3, 5, 109367
List the prime factors of 15335011.
15335011
List the prime factors of 346288.
2, 23, 941
What are the prime factors of 24479526?
2, 3, 181, 22541
What are the prime factors of 1791361?
11, 13, 12527
List the prime factors of 18075.
3, 5, 241
What are the prime factors of 9205028?
2, 7, 521, 631
What are the prime factors of 530417?
17, 41, 761
What are the prime factors of 3609725?
5, 7, 20627
What are the prime factors of 11388700?
2, 5, 61, 1867
What are the prime factors of 184782?
2, 3, 13, 23, 103
What are the prime factors of 5114881?
5114881
What are the prime factors of 42339?
3, 11, 1283
What are the prime factors of 1488367?
17, 29, 3019
List the prime factors of 445495.
5, 139, 641
What are the prime factors of 1748279?
13, 181, 743
What are the prime factors of 1129534?
2, 7, 80681
What are the prime factors of 127815?
3, 5, 8521
List the prime factors of 5277235.
5, 23, 109, 421
List the prime factors of 402372.
2, 3, 11177
What are the prime factors of 6474691?
31, 331, 631
What are the prime factors of 4080?
2, 3, 5, 17
List the prime factors of 5286430.
2, 5, 31, 17053
What are the prime factors of 2067900?
2, 3, 5, 61, 113
What are the prime factors of 36550769?
1181, 30949
What are the prime factors of 1101889?
17, 64817
List the prime factors of 39113.
39113
What are the prime factors of 50789?
50789
List the prime factors of 436649.
436649
What are the prime factors of 470012?
2, 117503
List the prime factors of 4884609.
3, 1628203
List the prime factors of 1117663.
193, 5791
List the prime factors of 4618244.
2, 1154561
List the prime factors of 7081118.
2, 11, 53, 6073
What are the prime factors of 17835534?
2, 3, 23, 67, 643
List the prime factors of 373376.
2, 2917
List the prime factors of 39994.
2, 19997
List the prime factors of 141714.
2, 3, 7873
What are the prime factors of 1000462?
2, 500231
What are the prime factors of 9829238?
2, 4914619
List the prime factors of 79041.
3, 26347
List the prime factors of 80034.
2, 3, 13339
List the prime factors of 261097.
191, 1367
List the prime factors of 202689.
3, 7507
List the prime factors of 3332372.
2, 19, 163, 269
List the prime factors of 1749019.
29, 41, 1471
What are the prime factors of 155310?
2, 3, 5, 31, 167
What are the prime factors of 2378732?
2, 401, 1483
List the prime factors of 2465168.
2, 154073
What are the prime factors of 116229?
3, 17, 43, 53
What are the prime factors of 17094551?
1097, 15583
What are the prime factors of 716711?
163, 4397
What are the prime factors of 4382964?
2, 3, 40583
List the prime factors of 62838.
2, 3, 3491
List the prime factors of 644020.
2, 5, 13, 2477
What are the prime factors of 1419642?
2, 3, 7, 19, 593
List the prime factors of 6230477.
11, 73, 7759
What are the prime factors of 2835812?
2, 7, 101279
List the prime factors of 1610168.
2, 7, 28753
What are the prime factors of 7608340?
2, 5, 380417
List the prime factors of 689735.
5, 137947
List the prime factors of 16800217.
7, 2400031
What are the prime factors of 2675532?
2, 3, 59, 3779
What are the prime factors of 5330624?
2, 13, 43, 149
What are the prime factors of 1543403?
313, 4931
List the prime factors of 155251.
155251
What are the prime factors of 1072587?
3, 47, 7607
List the prime factors of 4887990.
2, 3, 5, 54311
What are the prime factors of 19452314?
2, 7, 19, 31, 337
What are the prime factors of 183125?
5, 293
What are the prime factors of 1267401?
3, 17, 24851
List the prime factors of 1424922.
2, 3, 237487
What are the prime factors of 613625?
5, 4909
What are the prime factors of 303221?
19, 15959
What are the prime factors of 183432?
2, 3, 7643
List the prime factors of 150195.
3, 5, 17, 19, 31
List the prime factors of 214560.
2, 3, 5, 149
List the prime factors of 218759.
283, 773
List the prime factors of 390357.
3, 11, 3943
List the prime factors of 7259940.
2, 3, 5, 53, 761
What are the prime factors of 1183553?
7, 169079
What are the prime factors of 3959749?
23, 107, 1609
What are the prime factors of 3379113?
3, 375457
List the prime factors of 10697004.
2, 3, 107, 2777
List the prime factors of 257305.
5, 51461
List the prime factors of 1933730.
2, 5, 193373
List the prime factors of 767950.
2, 5, 15359
List the prime factors of 12779838.
2, 3, 709991
What are the prime factors of 624964?
2, 156241
What are the prime factors of 16695639?
3, 31, 61, 109
What are the prime factors of 320398?
2, 13, 12323
What are the prime factors of 707288?
2, 88411
What are the prime factors of 2705138?
2, 1163
List the prime factors of 761372.
2, 131, 1453
List the prime factors of 597021.
3, 59, 3373
What are the prime factors of 512157?
3, 79, 2161
List the prime factors of 125576.
2, 11, 1427
What are the prime factors of 1521105?
3, 5, 23, 4409
List the prime factors of 19479315.
3, 5, 31, 163, 257
List the prime factors of 418605.
3, 5, 11, 43, 59
What are the prime factors of 60154?
2, 19, 1583
What are the prime factors of 1670499?
3, 19, 9769
What are the prime factors of 552747?
3, 13, 14173
What are the prime factors of 1696015?
5, 163, 2081
What are the prime factors of 5407131?
3, 1217, 1481
List the prime factors of 8509223.
37, 229979
List the prime factors of 5175340.
2, 5, 29, 8923
List the prime factors of 22073252.
2, 41, 134593
List the prime factors of 4727155.
5, 945431
What are the prime factors of 204113?
7, 13, 2243
What are the prime factors of 16804012?
2, 4201003
What are the prime factors of 979600?
2, 5, 31, 79
List the prime factors of 2284915.
5, 149, 3067
List the prime factors of 15094539.
3, 191, 2927
What are the prime factors of 4201